**3 - 8*g**2 + g - 8. Let q be o(8). Let k(h) = q*h - 3 - h - h**2 + 4 + h**3. What is k(0)?
1
Let v = -1 - -7. Let s = 8 - v. Let r(z) = 0*z**s + 3*z**2 + 4 - 7*z**2 + z**3 + 0. Determine r(3).
-5
Suppose 0*c + 3*c = 15. Let z(m) = m + 1. Give z(c).
6
Let m(f) = f**2 - 10*f + 8. Let x(u) = 2*u**2 - 19*u + 15. Let i(h) = 5*m(h) - 3*x(h). Let z = -2 - 2. Let y be 36/10 + z/(-10). Determine i(y).
7
Let w(t) = -t**2 - 6*t + 10. Let c = -5 + -2. Calculate w(c).
3
Let h(u) = 2*u - 4 + 5 - 4*u**3 - u. Let t(f) = f**3 + 3*f**2 - 5*f - 5. Let b be t(-4). Give h(b).
4
Let t(m) = -m**3 - 6*m**2 - 7*m - 1. Let k = 11 - 5. Let y be -3*(4/k + 0). Let q be y + (-2 - -2) + -3. Determine t(q).
9
Let h(c) = -7*c - 5 - 5*c**2 - c + 13*c - c**3. Determine h(-6).
1
Let r be (5 - 0) + 3/(-3). Let f(a) = 4*a - r - 5*a - 3. Let j be 0 + 1 + (-1)/1. Calculate f(j).
-7
Suppose 0 = -5*n - 5*f + 25, 2*n - n - 7 = -3*f. Let o(m) = -2*m + 3*m + 2*m**3 + 4 - n. Give o(-1).
-3
Let v(y) be the first derivative of -y**7/420 - y**6/180 - y**4/24 + 2*y**3/3 - 1. Let x(j) be the third derivative of v(j). Calculate x(-2).
7
Suppose 0 = 3*z - 0*z - 12. Let o(h) = -2*h + 7 + 3 + z*h - 3*h. Calculate o(5).
5
Suppose -5*z + 37 = -3*b, 0 = -3*b + 8*b + 5*z - 5. Let p(q) = -2*q - 4 + q - 1. What is p(b)?
-1
Suppose r = 14 - 10. Let g(k) = -2*k**2 + 7*k - 4. Determine g(r).
-8
Let v(q) = 25*q - 10. Let i(h) = -5*h + 2. Let j(s) = 11*i(s) + 2*v(s). Give j(-2).
12
Let i(f) = 3*f**2 + 3*f - 1. Let y be i(-2). Let g(v) = v**3 - 5*v**2 - v - 5. Calculate g(y).
-10
Let d(s) = 1 + 3*s**3 - s**3 - s**3. Calculate d(0).
1
Let f = 31 - 30. Let l(v) = -6*v**3 - v**2 + v. Calculate l(f).
-6
Let m(k) = 2*k**3 - k**2 - k - 1. Let c be m(2). Let q(l) = l**2 - 10*l + 6. Let p be q(c). Let u(j) = -j. Determine u(p).
3
Let o(q) be the second derivative of 5*q + 5/6*q**3 - 1/2*q**2 + 1/12*q**4 + 0. Calculate o(-4).
-5
Let l(j) = -j**3 - 6*j**2 + 8*j + 9. Let b(p) = -p - 1. Let n be (-6)/21 - (-44)/7. Let z be b(n). Let v be l(z). Let k(y) = 2*y**2 - 2*y. Calculate k(v).
4
Let g(i) = -i - 1. Suppose 0 = -0*o + o - 2. Suppose 3*s + 40 = 5*x, -4*x - 96 = 2*s + o*s. Let j be 16/s*(-10)/4. What is g(j)?
-3
Let c be (6/(-12))/(2/(-8)). Let o be 5/((-5)/c) + 5. Let s(u) = -2*u**2 - 9*u + 13. Let i(z) = z**2 + 4*z - 6. Let j(x) = 13*i(x) + 6*s(x). Give j(o).
3
Let l(o) = -o**2 + 7*o. Suppose -12 = 7*h - 9*h. What is l(h)?
6
Let c(s) be the first derivative of 3*s**2 - s + 1. Let q be -2 - -2 - (-3 - 1). Let i be q/14 + (-20)/(-28). Give c(i).
5
Let b = 3 - 7. Let c(w) = 2*w. Determine c(b).
-8
Let t(j) = -j**2 - 3*j + 3. Let p be -3 - (2 - (-2)/(-1))/1. Calculate t(p).
3
Let z(t) = -t + 4. Let b(u) = -u + 3. Let y(s) = -4*s**2 + s - 1. Let m be y(1). Let j be 3*((-1)/1)/(-1). Let w(o) = j*b(o) + m*z(o). Calculate w(5).
-2
Let j(h) = -9 + 20*h + 1 - 18*h. What is j(6)?
4
Let c(t) = 8 + 2 + 6 - 2*t - 13. Give c(4).
-5
Let d = 77 + -73. Let l(w) be the third derivative of -2*w**3 + 0 - 2*w**2 + 0*w + 1/24*w**d. Calculate l(5).
-7
Let j be ((-2 - -1) + 5)/((-34)/51). Let i(z) = -2*z - 7. What is i(j)?
5
Let a(c) = -c - 3. Suppose -1 = 2*m - 5. Suppose -2*i = m*i - 16. Give a(i).
-7
Suppose x + x - 4 = 0. Suppose -x*c + 5*c = 12. Let d(j) = j - 6 + 2*j + j. What is d(c)?
10
Let c(b) = -2*b + 5. Let t(j) = -2*j + j + 6*j - 5 - 2*j. Let f(y) = -4*c(y) - 3*t(y). Give f(-5).
0
Let v(s) = s**2 - 7*s**2 + s + 1 + s**3 + s**2. Let u be (0 + 4/4)*5. Give v(u).
6
Let r = 16 + -10. Let d(w) be the second derivative of w**3/3 - 9*w**2/2 + 2*w. Give d(r).
3
Let p(u) be the second derivative of -4*u + 0 - u**2 + 1/6*u**3. Determine p(3).
1
Let j(x) be the third derivative of -x**5/60 - x**4/12 + 5*x**3/6 - 11*x**2. Give j(-4).
-3
Let u(n) = -n. Let g be u(-3). Let k(y) = y**3 - 2*y**2 - 3*y - 3. Let v(c) = c**2 - c. Let l(f) = -k(f) + v(f). Calculate l(g).
9
Let y(x) = x**2 - x - 3. Let t(m) = m. Let p(g) = t(g) - y(g). Let j(c) = -c**2 - 1. Let v(z) = 2*j(z) + p(z). Calculate v(-1).
-4
Let d = -104 + 108. Let f(c) = 3*c**2 + 15*c + 1. Let u(v) = -2*v**2 - 8*v - 1. Let j(b) = 3*f(b) + 5*u(b). Give j(d).
2
Let p(l) = 2*l + 32 - 34 - l. Determine p(7).
5
Suppose -y - u = 1, -5*u + 13 = y + y. Let l(h) = h**3 + 6*h**2 - 2*h - 5. Determine l(y).
7
Let i(g) = -2*g + 10*g - g**2 + 5 - 5*g. Let s be -1 + (-2 - -3)/1. Suppose s = 4*z - 0*z - 20. Determine i(z).
-5
Let h(s) be the third derivative of s**5/60 - s**4/8 + s**3/2 - s**2. Give h(4).
7
Let s(o) be the second derivative of o**3/6 + 2*o**2 + 3*o. Let u be (-2)/(-3) - (-2)/6. Suppose -h - u = m, 5*m - 4*h - 55 + 24 = 0. Determine s(m).
7
Suppose 4 + 0 = -4*r. Suppose -5*f = -0*f - 10. Let q(p) = -3*p + 3*p**f + 1 + 4*p - 2*p + 2*p. Determine q(r).
3
Let k(c) = 24 + 9*c - 4 - 18. Give k(3).
29
Let n(u) = 2*u**2 + 167*u**3 - 3*u + 0*u - 166*u**3 + 1 + 1. Calculate n(-3).
2
Let a = 21 - 38. Let d be a/4 + (-3)/(-12). Let w(x) be the third derivative of -x**5/60 - 5*x**4/24 + x**3/6 - 2*x**2. Calculate w(d).
5
Let z be -3*(0 + -7) - 2. Suppose z = b - 2*b + 3*o, -4*o = -2*b - 28. Let s(d) = d - 3. What is s(b)?
-7
Let f be (-4)/42 - (-1341)/189. Let w(j) = j**2 - 7*j + 9. Determine w(f).
9
Let c(y) = -5*y + 0*y + 3*y - 10*y. What is c(1)?
-12
Let h(r) = -r - 3. Let n(z) = 6*z + 19. Let m(t) = -39*h(t) - 6*n(t). Determine m(-3).
-6
Suppose t = -3*t. Let h(d) = -3*d - 3. Let i be h(-3). Let q(c) = -1 + i + 0 - c**3 + 3 + c**2. What is q(t)?
8
Let g(t) = -3*t - 3. Let d be g(-3). Let i(a) be the third derivative of -a**6/120 + a**5/12 + 7*a**4/24 + a**3/2 + 17*a**2. What is i(d)?
9
Let w(v) = -v**3 - 5*v**2 - 5*v + 3. Suppose 0 = 3*t + 2*t. Suppose -2*n - 3*n - 20 = t. Let a = 0 + n. What is w(a)?
7
Let t(x) be the first derivative of x**4/24 - x**3/2 - x**2 - 1. Let o(a) be the second derivative of t(a). Let k be (-1)/(-4) - (-143)/52. Determine o(k).
0
Let q be 3 - (0 + 0) - 0. Let m(o) = -3*o + 3 - 2*o**2 - o**2 + 7*o**2 - q*o**2. Determine m(2).
1
Let m be (-20)/6*(-12)/10. Let o(l) = m*l - 3*l - 1 - 1 - 2*l. Give o(0).
-2
Let p(q) = -q**3 - q**2 - 1. Let b(u) = 0*u**3 + 3 + 8*u**3 - u + 0*u**3 + u**2 + 2*u**2. Let c(n) = b(n) + 4*p(n). Suppose 0 = t - 3*t - 2. Calculate c(t).
-5
Let w be (-1)/2*(-1 + 1). Let l(i) = 7*i - 1 + i**2 + 0 + w. What is l(-6)?
-7
Let a(t) be the first derivative of -t**3/3 + 3*t**2 - 5*t + 9. Determine a(6).
-5
Let s = -13 + 10. Let l(f) = -f**2 + 3. Give l(s).
-6
Let v(q) = -q**2 + 7*q - 4. Let o be 3/6 + (-9)/(-2). Calculate v(o).
6
Let g(a) = -a + 5. Let j(r) = r**3 - 6*r - 3*r**2 + 4 + 1 - r**2. Let i be j(5). Let d be 3/(3/4) + i. Calculate g(d).
1
Let h be 1/(2 - 4 - -1). Let v(k) = -7*k**2 - 1. Determine v(h).
-8
Let v(g) be the second derivative of g**5/20 + 7*g**4/12 + 4*g**3/3 + 4*g**2 - 10*g. Give v(-6).
-4
Let x(p) = p**3 - p**2 - 10*p + 8. Let v(r) = r**3 - 9*r + 8. Let l(h) = -6*v(h) + 5*x(h). Determine l(-6).
4
Let k(x) = -x**2 + 3*x + 1. Let s be k(6). Let w be 14/(-56) + s/(-4). Let u(v) = -3*v + 5. Determine u(w).
-7
Let n(z) = 14*z**2 + 3*z - 11. Let j(v) = 5*v**2 + v - 4. Let p(h) = -8*j(h) + 3*n(h). Let y be p(1). Let r(q) = -3*q**2 + q - 1. Determine r(y).
-11
Suppose -5*o = 8 + 7. Let u = o + 5. Let l(h) = -4*h + 7. Let s(w) = 2*w - 4. Let k(g) = 3*l(g) + 5*s(g). Calculate k(u).
-3
Let v(k) = -k**3 - 3*k**2 + k + 2. Let z be v(-3). Let c(w) = 3*w**3 - w**2 + w + 1. Determine c(z).
-4
Let j(i) be the second derivative of i**3/6 + 7*i**2/2 - 28*i. Give j(-8).
-1
Let u(q) be the first derivative of -q**3/3 + 5*q**2/2 + 6*q + 8. Determine u(5).
6
Let t(i) = -14 - 4*i + 6*i + 5 - 8*i**2 + i**3 - 3. Determine t(8).
4
Let a = 5 + -2. Let w be a - (0 + (-2)/(-2)). Let d(r) = 1. Let h(u) = -2*u - 8. Let x(c) = -6*d(c) - h(c). Determine x(w).
6
Let y(i) = i**3 + 7*i**2 - 2*i - 6. Let h be (-1 + -3 + 1*3)*7. Calculate y(h).
8
Let m(q) = q**2 - 4*q + 3. Let x be 2*(-5)/(20/(-6)). What is m(x)?
0
Let v(l) be the second derivative of -l**3/3 - l**2/2 - 7*l. What is v(2)?
-5
Suppose -3*g + 4*m - 11 = -2, -g - 4*m = 3. Let b(y) = 2*y - 1. Determine b(g).
-7
Suppose 21 = -2*t + 5*z - 0, 5*t + 5 = 3*z. Let y(a) = 2*a**2 + 3*a - 1 - a**2 - a. What is y(t)?
7
Let s(z) be the second derivative of z**3/6 + z**2/2 + z. Let y be (2 + -1)*-2 + 4. Determi